1)/(-22) + 5)*2.
14
Suppose -3*r - 15 = -0*z + z, 4*r - 19 = 3*z. What is the remainder when 41 is divided by (-3)/z + 126/27?
1
Suppose 3*l - 77 = -14. Let h(d) = -36*d - 21. Suppose -81*z = -61*z + 80. What is the remainder when h(z) is divided by l?
18
Suppose 0 = -5*q - 0*z + 3*z + 1012, -5*q + z + 1014 = 0. Let u = -114 + q. What is the remainder when u is divided by 32?
25
Let u(h) = 5*h - 1. Let w be (-88)/72 - 2/(-9). Let f be u(w). What is the remainder when 108/14 + 3/(-63)*f is divided by 3?
2
Calculate the remainder when 127*(-21 - -12 - -46) is divided by 100.
99
Let k = -3598 + 3620. What is the remainder when 1847 is divided by k?
21
Let f(i) = -i**3 - 9*i**2 - 12*i - 11. Let y be ((-1 - (-4 - -6)) + 11)*-1. Let r(v) = -40*v - 1. What is the remainder when r(-1) is divided by f(y)?
18
Let r(q) = q**3 + 40*q**2 + 113*q + 1000. What is the remainder when r(-37) is divided by 29?
27
Let x = 32 + -16. Suppose 0 = 3*z + z - x. Suppose -488*d + 2*y - 12 = -489*d, 2*d - y = 29. What is the remainder when d is divided by z?
2
Let a(x) = -2*x**3 - 13*x**2 - 7*x - 3. Let j be a(-7). Suppose -1 = -12*i + j. Calculate the remainder when ((1 - -2) + -1)*23 is divided by i.
6
Let k(q) = -2*q**3 - 13*q**2 + 39*q + 9. Let c be k(-9). Suppose c*u - 408 = 915. Let t = 33 - -49. Calculate the remainder when t is divided by u.
19
Let t = -3 - -18. Let w(f) = f**2 - 37*f + 13. Calculate the remainder when t is divided by w(37).
2
Suppose 22*n - 139 = -3*b, -2*b + 41 = n + 3. What is the remainder when 1000 is divided by b?
14
Suppose -615 = -5*i + 2*h, 3*i + 62*h - 65*h = 378. Calculate the remainder when 668 is divided by i.
63
Let o = -2466 + 2486. What is the remainder when 37 is divided by o?
17
Let p(i) = 2*i - 15. Let a be p(9). Suppose 3*l + 42 = 5*l - a*o, 0 = -3*l - 4*o + 97. Calculate the remainder when 95 is divided by l.
14
Suppose -18*c + 224 + 1204 = 10*c. What is the remainder when c is divided by -8*(-52)/(-32)*-2?
25
Suppose 57*u - 120 = 53*u - 4*i, 0 = 5*u - 3*i - 142. Calculate the remainder when 511 is divided by u.
18
Let s(l) = 12*l**2 + 2. Let a(o) = -6*o - 272. What is the remainder when s(3) is divided by a(-50)?
26
Let h be ((-8)/(-18))/(2/9). Let d be -2 + (-7)/h*40/(-14). Suppose d*g + 4*g = 180. Calculate the remainder when 55 is divided by g.
10
Suppose 5*k + 0*k - 4*l + 40 = 0, -3*l + 27 = -3*k. Let q(y) = -y**2 - 9*y + 2. What is the remainder when q(k) is divided by 500/70 - (1664/(-112) + 15)?
1
Let c = -274 - -274. Suppose c = 11*t - 3*t - 32. Calculate the remainder when t is divided by 3.
1
Let j = 70 - 32. Let y = -25 + j. Let g = 550 - 448. Calculate the remainder when g is divided by y.
11
Suppose c + 551 = 583. Calculate the remainder when 290 is divided by c.
2
Suppose -3266*z + 3275*z = 3420. Calculate the remainder when z is divided by 7.
2
Suppose 2038*f - 103852 + 30328 = 1994*f. What is the remainder when f is divided by 4?
3
Let v(d) = 442*d - 223. Calculate the remainder when v(1) is divided by 20.
19
Calculate the remainder when ((-94)/(-6))/((-284)/36 + 8) is divided by 33.
9
Suppose 3*h - 168 = -90. Let c = 1 - -2. Calculate the remainder when h is divided by -9*(-4 - (-9)/c).
8
Let j = 46 - 42. What is the remainder when (-8 - -4) + (-1 - -86) is divided by (0 + 8)/(j/6)?
9
Let m(d) be the second derivative of 2*d**3/3 - 27*d**2 + 29*d. Let p be m(16). Calculate the remainder when (-10)/25 - (-2 + (-314)/p) is divided by 17.
16
Suppose -3*d + 130 + 410 = 0. Calculate the remainder when 1618 is divided by d.
178
Let j = -5813 - -5843. What is the remainder when 84 is divided by j?
24
Let h = -136 + 138. Suppose -4*i + h*d + 158 = 0, 12*i = 17*i - 4*d - 202. What is the remainder when 73 is divided by i?
35
Suppose 48*z = 8*z + 320. Let j be (1 - 2)/(1/(-43)). Suppose 2*b = -5*c + j, 0*c - 5*c = 3*b - 47. Calculate the remainder when z is divided by c.
1
Let p be 12424/(-26) - 7/(455/10). Let y = -464 - p. What is the remainder when 33 is divided by y?
5
Suppose 91 + 19 = 5*a + 5*b, 10 = a - 5*b. What is the remainder when 636 is divided by a?
16
Let f be ((-1)/2)/((-2)/8). Suppose -f*i + 120 - 72 = 0. Suppose -60 = -4*v - 8. What is the remainder when i is divided by v?
11
Suppose 154*f - 128*f - 5620 = 8602. What is the remainder when 576 is divided by f?
29
Let u be 664/28 - (48/28 - 2). Suppose u*g - 22*g - 414 = 0. Calculate the remainder when g is divided by 15.
12
Suppose g - 892 = -4*c, 7*c - 688 = 4*c + 4*g. What is the remainder when c is divided by 44?
4
Let k = 1023 + -988. What is the remainder when 100 is divided by k?
30
Suppose -5*l - 62 = 28. Let i be (2 - 3)/(21/6 - 3). What is the remainder when (-7)/2*(i + l) is divided by 18?
16
Let y(x) = x**2 + 31*x + 217. Suppose -18*w + 11*w = -49. Calculate the remainder when y(-27) is divided by w.
4
Let n(q) = 24*q**2 + 4*q - 4. Let s be n(1). Let b(y) = -y**3 + 25*y**2 - 19*y - 42. What is the remainder when b(s) is divided by 9?
6
Let k(z) = -1569*z**3 + z**2 - 2*z - 4. Let t be k(-1). Suppose 15*o - t + 533 = 0. What is the remainder when o is divided by 18?
15
Let q be (2/6)/(11 + 65/(-6)). Suppose 0 = 2*u + q, u = -2*w + 6*u + 157. Let k(a) = -a**2 + 7*a - 6. What is the remainder when w is divided by k(4)?
4
Let o = 2084 - 1971. Calculate the remainder when 249 is divided by o.
23
Let b = 259732 - 259694. Suppose -4*u + 2*u + 52 = 0. What is the remainder when b is divided by u?
12
Let o = -988 + 2994. Calculate the remainder when o is divided by 67.
63
Suppose -44*r - 1125 = -49*r. Let o = r + -201. Calculate the remainder when 262 is divided by o.
22
Let p = 15459 - 14573. What is the remainder when p is divided by 217?
18
Let g(v) be the first derivative of v**3 - 31*v**2/2 - 13*v - 17. Let y(r) be the first derivative of g(r). Calculate the remainder when 45 is divided by y(9).
22
What is the remainder when ((-6)/(28 + 14))/(2/(-2198)) is divided by 134?
23
Let u be 5494/(-41)*(-2)/((-8)/(-6)). Let d = -136 + u. What is the remainder when (-195)/d*(0 + 140/(-6)) is divided by 20?
10
Suppose -3*g - 3*b = -42, 4*g - b - 31 = -0. Suppose -g*i = -41*i + 12224. What is the remainder when i is divided by 11?
8
What is the remainder when 1137 is divided by 22/3 - (-2784)/1044?
7
Let u(c) = -2*c - 16. Let t be u(-8). Suppose 2*k - 27 = 3*k - 3*d, -d - 1 = t. Let y = k - -59. Calculate the remainder when y is divided by 15.
14
Let n = 637 - 634. Suppose -5*y + 838 = 9*z - 5*z, -z - n = 0. What is the remainder when y is divided by 29?
25
Suppose -3*h + 384 = -2*g, 5*h - 19*g + 16*g = 640. Calculate the remainder when 291 is divided by h.
35
Let m(o) = 3*o - 2. Let z be m(6). Suppose 12 = z*t - 14*t. What is the remainder when (6/9)/(((-32)/102)/(-8)) is divided by t?
5
Let p be -1 - -4 - (-324)/(15 - 6). Let b = -22 + p. What is the remainder when -3 - (-29 - 3 - 2) is divided by b?
14
Calculate the remainder when 78 is divided by (-13)/(-6 - -3*44/24).
0
Let l(w) = -36*w + 185. Let j be l(5). Suppose 103 = j*x - 17. Suppose 3*o - 120 = s - 2*s, -583 = -5*s + 2*o. Calculate the remainder when s is divided by x.
21
Let x(f) = f**3 + 16*f**2 + 14*f - 29. Let q be x(-15). Let h = q + 17. Suppose -4*n = -h*n - 25. What is the remainder when 96 is divided by n?
21
Let u = -77 - -363. What is the remainder when ((-3)/2)/((-13)/u) is divided by 21?
12
Suppose 0 = -2*r + 2*c + 340, 868 = 10*r - 5*r + c. Suppose -168*o + 20 = -r*o. Calculate the remainder when 27/(-18) + (-94)/o is divided by 6.
4
Calculate the remainder when 368/1 - (19 + -6) is divided by 122.
111
Let j(d) = -14*d - 3. Let s = -12665 + 12672. What is the remainder when j(-2) is divided by s?
4
Let r(y) = -y**2 - 27*y - 82. Let b be 124/806 + 262/(-13). Calculate the remainder when r(b) is divided by 52.
6
Suppose -4*x + 994 = -3*z, 0 = -3*x + z + 587 + 166. What is the remainder when 369 is divided by x?
116
Suppose -5*o - 307 = -3*j, -3*j + 57 + 248 = -4*o. Suppose -5*d + z + 109 = -2*z, -2*d = -z - 43. Calculate the remainder when j is divided by d.
19
Calculate the remainder when 894 is divided by ((-44)/((-4840)/(-8118)))/((-1)/((-20)/(-6))).
156
Calculate the remainder when ((-3)/(-21) - 1)/((-2)/2268) is divided by 65.
62
Let k(o) = 3*o**2 - 39*o + 13. Let b be k(13)